the units digit of y?
7
Suppose 0 = -4*d + k + 625 + 1139, 0 = -k. Suppose -5*p + x + d = 117, -p + 3*x = -76. What is the tens digit of p?
6
Let c(z) = 2*z**2 - 3*z + 5. Let m be c(3). What is the units digit of (-1)/(2/(-5)*5/m)?
7
Let q(g) = -g**2 - 7*g - 12. Let t be q(-3). Suppose -9*m + 6*m + 111 = t. What is the units digit of m?
7
Suppose 25 = -4*r + 9*r, 3*b + 5*r - 175 = 0. Let k = 137 - 67. Let f = k - b. What is the tens digit of f?
2
Suppose 0 = 13*b - 2681 - 2285. What is the hundreds digit of b?
3
Suppose -3*j + 16 = 5*j. Suppose -4*m - 240 = -4*u - 48, 8 = -j*m. What is the tens digit of u?
4
Suppose 5*s = 11 + 4. Let k be 2 + (s - (1 - 0)). Suppose -5*a + 4*i = -13, 9 = k*i - i. What is the units digit of a?
5
Suppose r - 7 = -3*m - m, 0 = -2*r - 4*m + 2. What is the units digit of (4 - (0 - r)) + 31?
0
What is the tens digit of ((-109564)/156)/((-1)/3)?
0
Let h(u) = -u**3 + 5*u**2 - 3*u + 1. Let p be h(4). Let j = 39 + p. What is the tens digit of j?
4
Let t = 369 + -277. What is the units digit of t?
2
Let f be (1 + 575)/((-15)/(-12) - 1). What is the units digit of f/33 + 1 + 8/44?
1
Let v(j) = 2763*j**3 - 8*j**2 + 8*j. What is the units digit of v(1)?
3
Let m(b) = -b**2 + 27*b - 6. Let j be m(23). Suppose -684 = -5*a + j. What is the hundreds digit of a?
1
Suppose 6165 = 4*g + g - 5*x, 2*x = -g + 1242. What is the hundreds digit of g?
2
Let y = 82 - 80. Suppose -5*u = 5*o - 770, 4*u - 7*u - y*o = -465. What is the units digit of u?
7
Suppose 32*p + 4847 - 16111 = 0. What is the tens digit of p?
5
Suppose 2 = 3*l - i, -5*l - 3*i + 4 = 10. Let d(f) = -f**3 - f**2 - f - 31. Let s be d(l). Let z = 51 + s. What is the units digit of z?
0
Let o(k) = -k**3 + 15*k**2 - 14*k + 12. What is the hundreds digit of o(10)?
3
Let z = 9 + -7. Suppose 4 = -2*j, z*j + 790 = 4*i - j. What is the hundreds digit of i?
1
Let j = 2365 + -1076. What is the hundreds digit of j?
2
Suppose 6*s - 30 + 0 = 0. Suppose -5*m = -2*y - 297, 3*m + s*y = -m + 264. What is the units digit of m?
1
Let d(l) = 2*l**2 - 1. Let j be d(2). Let q = -4 + j. Suppose q*x + 0*x - 99 = 0. What is the tens digit of x?
3
Let v be -1*(0 + (-2 - -2)). Let q = v - -22. Let d = q - 12. What is the units digit of d?
0
Suppose -9*u - 1517 = 184. Let k = 70 - u. What is the tens digit of k?
5
Let g(a) = -11*a**3 + a**2 - 4*a + 4. Let q be g(1). Let x = q + 115. What is the units digit of x?
5
Suppose 0 = -5*t + 2603 + 4612. What is the units digit of t?
3
Let c = 399 - -507. What is the units digit of c?
6
Let f be ((-816)/60)/(4/(-150)). Suppose 2*p = 5*k + f, p - 215 - 22 = -2*k. What is the tens digit of p?
4
Suppose 5*z = 5*c + 11775, -214*c = 4*z - 209*c - 9438. What is the tens digit of z?
5
Suppose -1 = l - 3*v, -2*l - 4*v = -v - 7. Suppose -r + l*z + 17 = 0, -2*r = -r + 4*z - 23. What is the tens digit of r?
1
Suppose 0*d + 9 = 3*d. Suppose -n + r - 3 = -0*n, -d*r + 9 = 5*n. Suppose n = 2*g + 12 - 44. What is the units digit of g?
6
Let c = 94 - 62. Let q = 43 - c. What is the units digit of q?
1
Let j = 42 - 39. Suppose 0*f = v - j*f - 36, -v + 28 = f. What is the tens digit of v?
3
Let j be 1/(-3 - 26/(-8)). Let a(y) = -2*y - 8*y**2 - 47*y**3 + j*y - 17*y**3 + 2 + 7*y**2. What is the tens digit of a(-1)?
6
Let c be (0 + 26)/(-9 + 7). Let u = 70 + c. What is the tens digit of u?
5
Let d = -5984 + 11212. What is the hundreds digit of d?
2
Let q(m) = -44*m - 60. Let n be q(6). Let k = n - -559. What is the tens digit of k?
3
What is the hundreds digit of (-210679)/(-98) - (-9)/42?
1
Suppose -4*k - 3*o = 9 - 32, -k = 2*o - 12. Let q(t) = 11*t**2 + 3. What is the tens digit of q(k)?
4
Let o be (-4)/(-6) - 1/(-3). Let q be (6 - 3) + 0 + o. Suppose q*h - 158 = 42. What is the tens digit of h?
5
Let i be 1716/10 - 4/(-10). Suppose 2*p = -m - 3*m + i, 5*m = p - 114. What is the tens digit of p?
9
Let d(k) = -126*k + 496. What is the units digit of d(-37)?
8
Let h(q) = 3526*q**3 - q**2 + 3*q - 3. What is the hundreds digit of h(1)?
5
Let y be (64/(-12))/((-4)/102). Let k = y - 79. Suppose -5*a = -a - 5*x - k, -a = 3*x - 10. What is the units digit of a?
3
Let r(p) = p**2 + 9*p - 6. Let v be r(-10). Suppose v*d - 20 = -d. Suppose 24 = m - 3*t, -t - d*t = m - 8. What is the units digit of m?
8
Let j(y) be the first derivative of 6*y**3 - y**2 + 4*y - 5. Let r be j(3). Suppose 4*i - r = -i. What is the units digit of i?
2
Suppose -13 = -m - 4*v, 11 = -5*m - v + 38. Suppose 0 = -z - 3*j + 39 + 6, -5 = m*j. What is the tens digit of z?
4
Suppose -3*a + 270 = 3*s, 0 = -3*a + 5*s - s + 270. What is the units digit of a?
0
Suppose 5*i + 4*n = 539, i - 2*n = 2*n + 103. Suppose 10 = 3*l - i. What is the tens digit of l?
3
Let s = 70 - 121. Let f = -40 - s. What is the units digit of f?
1
Let u(k) = k**2 + 4*k - 5. Let a be u(-5). Suppose -5*z + a*z - 121 = -o, -o - 4*z = -112. What is the units digit of o?
6
Suppose 47 = -t + 7. Let m = 5 + -8. What is the tens digit of m/5 + (-1184)/t?
2
Let a(k) = 17*k**2 - 3*k - 2. Let x(m) = -11*m**2 + 2*m + 1. Let d(p) = -5*a(p) - 8*x(p). Let o(l) = -3*l + 13. Let y be o(5). What is the tens digit of d(y)?
1
Let u(t) = 15*t**3 + t**2 - 2*t - 2. Let h be u(-1). Let w be 1 - 1 - (10 + h). Suppose 56 = 4*j - 2*a, -w*j + 82 = -4*a + 18. What is the units digit of j?
2
Let n = 21 + -19. Suppose n*w = 5*w - 63. What is the tens digit of w?
2
Let w(o) = o - 6. Let l be w(10). Suppose i + 77 = l*q, -51 = q - 3*q + 3*i. What is the tens digit of q?
1
Let w(n) = -46*n - 226. What is the units digit of w(-17)?
6
Let f = 5348 + -2863. What is the tens digit of f?
8
Let a = 513 - 425. What is the tens digit of a?
8
Let a be 5 - (-4 + 4)/(-1). Suppose 4*y - 2*u - 23 = a, -3*y = 2*u - 21. What is the tens digit of (y - 6) + 72 + -2?
7
What is the units digit of -2 + (-9)/3 + 91?
6
Suppose 0 = -b + 2*l + l - 7, 4*l - 12 = 0. Suppose -b*o = o. Suppose 3*s + 4*y + 29 - 142 = o, 3*s + y = 125. What is the units digit of s?
3
Suppose 0 = -8*a - 4900 + 30492. What is the tens digit of a?
9
Let i be (-3 - 8/(-2))*-4. Let h = i - -1. What is the units digit of h + 2 + (-48)/(-2)?
3
Suppose -u + 5*i = -874, -4*u - 4*i = 489 - 4009. What is the units digit of u?
9
Let b(a) = 4*a**3 + 5*a**2 - 7*a - 12. Let c be b(-5). What is the units digit of c/(-6)*21/14*2?
6
Let c = 66 + -217. Let o = c - -107. Let l = o + 96. What is the units digit of l?
2
Let g = 20 - 22. Let x(f) = 10*f**3 + f**2 + 5*f + 5. Let y be x(g). Let s = -50 - y. What is the units digit of s?
1
Suppose -d + o - 4*o = 14, 4*d = -5*o - 28. What is the units digit of d/((-28)/(-21)*(-3)/142)?
1
Suppose 4*w + 4*w - 40 = 0. Suppose 4*n - 3*x = 970, 0 = -4*n + 3*x - w*x + 960. What is the hundreds digit of n?
2
Suppose -3*u = 5*s - 25, 4 = 2*u - 3*s + 19. Let f(d) = d - 18. Let k be f(u). Let n = k - -36. What is the tens digit of n?
1
Suppose 1052 = 13*i - 2081. Let o = i + -116. What is the hundreds digit of o?
1
Let m(j) = j**2 + j - 4. Suppose -3*t - t = 0. Let v be m(t). What is the tens digit of 41 + (v - -2 - -2)?
4
Let m = 331 + -113. Let j = 324 - m. What is the units digit of j?
6
Let y(z) = -4*z**3 - z**2 + z + 1. Let g be y(-1). Let o be 2 + 2 + -69 + g. Let b = o + 90. What is the tens digit of b?
2
Let a be (-45)/6*16/(-20). Suppose 0 = 5*u - a - 4, -26 = -3*y + 5*u. What is the tens digit of y/(-54) + (-546)/(-27)?
2
Suppose -3*b + 88 = 4*q, 3*q = -2*b - 2*q + 61. Suppose 0 = b*i - 27*i - 80. What is the units digit of i?
0
Let x(g) = 2*g**3 - 8*g**2 + 9*g - 13. Suppose -9*b + 28 = -5*b. What is the tens digit of x(b)?
4
Suppose 5*v - 6*v + 3 = 0. Suppose -2*r = -v*w + w, -3*r = 5*w - 16. Suppose w = 5*u - 3*u. What is the units digit of u?
1
Let z = 464 - -1650. What is the tens digit of z?
1
Suppose 11 = 3*r + 5. Let a = 7 - r. Suppose a*b - 6 = 4*b. What is the units digit of b?
6
Let a(f) = -f**2 + 5*f - 3. Let k be a(3). Let v be (-82)/1 - (-5 + k). What is the units digit of ((-6)/(-4))/((-30)/v)?
4
Suppose -3*t + 400 = -929. What is the tens digit of t?
4
Let j be 3/6*(39 + 3). Suppose p + j = -2*p + 3*u, u = -p - 17. Let x = p - -14. What is the units digit of x?
2
Suppose -34*s + 1861 = -3817. What is the units digit of s?
7
Let v(p) = -27*p + 2. Let c be v(3). Let t = c - -111. What is 